0 and o?
10
Let l be (0/(-2) - -1) + 0. Let o(a) = 4*a - 11. Let q be o(4). Suppose -4*x = 2*j - 8, 0*j = q*x - j - 3. Calculate the greatest common divisor of l and x.
1
Suppose 4*j - 144 = -2*j. What is the greatest common factor of 128 and j?
8
Suppose -330 = f - 4*f. Calculate the highest common divisor of 30 and f.
10
Let i = 7 + -4. Suppose i - 43 = -4*b. Suppose 0 = -13*o + b*o + 216. What is the greatest common divisor of o and 8?
8
Let s be 2 - (0 - 6/3)/2. Suppose 13 = s*f - 20. Calculate the greatest common factor of 66 and f.
11
Let y(r) = -3*r. Let f = 13 - 22. Let p be y(f). What is the highest common factor of p and 297?
27
Let x be -3 - ((-20)/1 + 1). Let d(g) = 2*g**2 + 6*g + 1. Let v be d(-8). Suppose 0 = -4*n - v + 465. What is the highest common factor of x and n?
16
Suppose 0 = 5*t + h - 99, -3*t + h + 59 = -2. What is the greatest common factor of 76 and t?
4
Let m be 155/25 - (-1)/(-5). Let p be m*1 - (-9 - -10). Suppose 0 = -p*o - a + 17, -4*a - a - 35 = -5*o. Calculate the greatest common factor of o and 1.
1
Suppose -245 = -n - 2*h + 260, 4*n + 3*h = 1995. Suppose n = -15*l + 20*l. Suppose l - 459 = -4*y. What is the greatest common divisor of 10 and y?
10
Let n(i) = -3*i + 87. Let q be n(24). What is the greatest common divisor of 5 and q?
5
Let p be (1*(-378)/10)/((-3)/10). Calculate the highest common factor of 546 and p.
42
Let m = -1005 + 1359. What is the greatest common factor of m and 472?
118
Let n = -182 + 246. Calculate the greatest common factor of n and 112.
16
Suppose m = 6*m + 2*q - 141, -5*m + q + 132 = 0. Suppose 21 = 5*h + 3*w, 0*h = 2*h - 5*w - m. Let d = -2 + h. What is the highest common factor of d and 4?
4
Let s = -158 + 374. What is the highest common factor of 2 and s?
2
Suppose 10*j + 512 = 18*j. Calculate the greatest common divisor of 32 and j.
32
Suppose -5785 = 4*d + 5*m - 22515, 0 = d - m - 4187. Calculate the greatest common divisor of d and 27.
27
Suppose 31 = -24*g + 25*g. What is the highest common factor of 341 and g?
31
Suppose 5 = 2*g + g + 5*q, 2*g + 2*q - 6 = 0. Suppose -b + 2 = -0*b - 2*f, 25 = 5*b - g*f. Calculate the highest common factor of b and 32.
8
Suppose 0 = 71*i - 60*i - 1980. Calculate the greatest common factor of 15 and i.
15
Let l(h) = -h**2 + 56*h - 443. Let o be l(10). What is the highest common factor of 1037 and o?
17
Suppose -3*r = o - 12, -2*o = 3*r - 5*r. Suppose 0 = -r*t, 0 = -4*c - 6*t + t + 128. What is the highest common divisor of 4 and c?
4
Let y be (-502)/(-10) + (-92)/(-115) + 1. Let w be 79 - 1*(1 + 0). What is the greatest common factor of w and y?
26
Suppose -3*i + 32 + 10 = 0. Let g = 182 + -164. Suppose -a + g = -i. Calculate the greatest common divisor of 8 and a.
8
Let q(k) = -4*k - 2. Let x be q(-4). Let g = -14 + x. Suppose 4*u + g*f = 5*f + 151, 59 = u + 3*f. Calculate the greatest common factor of u and 11.
11
Suppose -76*k + 94*k = 396. Suppose -331 = -2*d + 329. Let i be (-24)/(-10)*d/9. What is the greatest common divisor of k and i?
22
Suppose 209 - 223 = -i. Let r = -46 + 16. Let d = r - -142. What is the greatest common divisor of i and d?
14
Let m be 0 - -2 - 1*-2. Suppose 3*b + 21*b = 240. Calculate the highest common divisor of b and m.
2
Let j(u) = -2*u**3 - 2*u**2 - 2*u - 1. Let b = 31 - 22. Suppose 4*z - b*z = 5. Let q be j(z). Calculate the highest common factor of 3 and q.
1
Let g = 38 + 98. What is the greatest common divisor of g and 102?
34
Suppose -6*z - 186 = 246. Let y = z + 172. Suppose 2*b + 0*b - 80 = 0. Calculate the greatest common divisor of y and b.
20
Let p be -5*1*84/(-20). Let n(v) = -v + 3. Suppose 81 = r + 85. Let b be n(r). What is the greatest common factor of b and p?
7
Let d = 24 + 11. What is the highest common factor of d and 28?
7
Let y(n) = 0*n**3 - 4 - n**3 - 2*n + 7*n + 2*n**3 + 7*n**2. Let h be y(-5). Let s = h - -8. What is the highest common divisor of s and 319?
29
Suppose -11*p + 31 = -2. What is the greatest common factor of p and 75?
3
Suppose 1 = -f, 3*k - f + 2*f - 143 = 0. Calculate the greatest common factor of 3 and k.
3
Let w = -527 - -807. Let y be (-9)/((-11)/55 - (-26)/w). What is the greatest common factor of y and 12?
12
Let k(s) = 5*s**3 - s**2 + 32*s - 84. Let c be k(3). What is the greatest common factor of c and 1725?
69
Suppose 24 = 4*q - 72. Let g be 1 + (-12)/((-12)/4). Suppose g*b - 837 = -d, 4*b + 3*d = 956 - 293. Calculate the highest common divisor of q and b.
24
Let o be (5/(-5) + (-4)/(-6))*-3. Calculate the highest common divisor of o and 28.
1
Let i be 5/8*-90*(-136)/51. What is the highest common divisor of i and 12?
6
Let c be 977/15 + -6*6/270. What is the highest common factor of 13 and c?
13
Let w = 69 - -134. Let i = 331 + -84. Suppose -3*t - 150 = -y, -i = -3*y - 3*t + w. Calculate the highest common divisor of 30 and y.
30
Let t(y) = -y**3 - 7*y**2 - 3*y - 2. Let b be ((-20)/12)/((-2)/12). Let o be (-88)/b + (-2)/10. Let l be t(o). What is the greatest common divisor of l and 17?
17
Let v be (9 - 284529/(-84)) + (-1)/4. What is the highest common factor of v and 12?
12
Let l = -41 + 51. Suppose -3*o = 4*n - 0*o - 115, 5*n = -5*o + 150. Calculate the greatest common factor of n and l.
5
Let p be (1/2)/(3/174). Suppose -5*o = -5 + 20. Let b be (o/9)/((-5)/435). What is the highest common factor of b and p?
29
Let d be (-2)/(-8) + (-33)/(-12). Let b(a) = -a**3 - 13*a + 9*a**2 + 1 + 3 + 3*a**d - a**3. Let z be b(-10). Calculate the highest common factor of 51 and z.
17
Suppose -188*p = -255*p + 1340. Suppose 55 = -3*q + 145. Calculate the highest common divisor of q and p.
10
Suppose 3*y = f - 665, -5*f + 575 = y - 2670. Calculate the highest common divisor of 26 and f.
26
Let m = 2916 + -1794. What is the greatest common divisor of 66 and m?
66
Let b be 348 - ((11 - 24) + 10). What is the greatest common divisor of b and 1521?
117
Let u be 150/125*1*-10*-2. Calculate the highest common factor of 384 and u.
24
Suppose -4*j - 30 = -5*l + 3*l, -l + 5*j + 30 = 0. Suppose 2*a + 6 = -l*s - 4, -5*s = 20. Calculate the highest common factor of 25 and a.
5
Let r(u) = u - 40. Let s be r(12). Let w(v) = v**3 + 28*v**2 + 3. Let c be w(s). Calculate the greatest common factor of 2 and c.
1
Let v = -18 - -26. Let y be (1 - -1 - 3)*-8. What is the highest common factor of y and v?
8
Suppose -21976 = -18*o + 24680. Calculate the greatest common divisor of 27 and o.
27
Suppose r - 7 = -j, -j + 8 = 2*r - 11. Calculate the greatest common factor of 132 and r.
12
Suppose 4*v + f - 16 = 0, -5*f - 8 = -v - 4. What is the greatest common divisor of v and 8?
4
Let p = 15 + -10. Let a = 13 - p. Suppose -4*d + 28 = a. Calculate the highest common divisor of 20 and d.
5
Suppose -2*w + 0*w + 8 = 0, 0 = -v + 3*w + 68. Let o = v - 52. Calculate the highest common divisor of o and 70.
14
Suppose -3*o + 4*x + 7 = 0, -2*x - 16 = -7*o + 3*o. Suppose 0 = -o*d + 47 + 13. Calculate the highest common factor of 48 and d.
12
Let j be 44/2*(13 - (15 + -10)). Calculate the greatest common divisor of 66 and j.
22
Let u = 73 - 40. Calculate the highest common divisor of 3 and u.
3
Let o(h) = -h**3 + 5*h**2 + 16*h + 8. Suppose -x - 1 = -8. Let y be o(x). What is the highest common factor of 11 and y?
11
Let f be (17/17)/(-2*(-1)/78). What is the highest common divisor of 52 and f?
13
Let f(x) = x**3 - 77*x**2 + 20*x - 80. Let h be f(77). Calculate the highest common factor of h and 73.
73
Let t = 3 + -1. Let l be 11 - (t + -5 + 3). Suppose -b - r + 3*r = -l, 5*b - 2*r - 87 = 0. Calculate the highest common divisor of 19 and b.
19
Suppose -5*g + 5 = -7*y + 2*y, y = -3*g - 13. Let l be ((-81)/(-18))/(2/y - -1). What is the greatest common divisor of 72 and l?
9
Let f(d) = 232*d**2 + 30*d + 56. Let v be f(-2). What is the greatest common divisor of v and 56?
28
Let o = 150 - 134. Let c = -2 + 3. Let g be (-7)/(-3) + c/(-3). What is the highest common divisor of g and o?
2
Let g be (4 - (8 + -3)) + 13. Let i(r) = 13*r + 5. Let k be i(7). Calculate the greatest common factor of g and k.
12
Suppose -r = -3*r + 42. Let n = r - 12. What is the highest common factor of n and 9?
9
Let w be (-1 - -67)/((-3)/(-8)). Suppose 0 = 5*q + 335 - 415. What is the highest common divisor of q and w?
16
Let b be ((-22)/8